 227. Calculate m(-66).
29
Let s(t) = 899*t**2 + 807*t - 1. Give s(-1).
91
Let k(w) = -4596*w + 634. What is k(0)?
634
Let m(r) = 15*r**3 + 540*r**2 + 741*r + 200. Determine m(-1).
-16
Let n(b) = 53*b**2 + 586*b + 512. Calculate n(-12).
1112
Let p(s) = 17448*s - 348914. Calculate p(20).
46
Let x(n) = 33*n**3 - 4*n**2 + 5490*n - 5486. Calculate x(1).
33
Let r(p) = 3*p**3 - 83*p**2 - 3591*p - 83. Calculate r(51).
-1154
Let n(q) = -8*q**2 + 608*q - 9508. Give n(54).
-4
Let m(t) = -57922*t - 173758. Give m(-3).
8
Let j(y) = -10*y**3 + 157*y**2 + 64*y - 353. Calculate j(16).
-97
Let z(w) = 243423*w + 8519801. Determine z(-35).
-4
Let n(f) = 4067*f + 178948. Give n(-44).
0
Let j(f) = 96*f**3 - 2689*f**2 + 27*f - 71. Calculate j(28).
-99
Let p(n) = -n**3 + 6*n**2 - 413*n + 7076. Give p(15).
-1144
Let z(h) = h**3 + 33*h**2 - 462*h - 1701. Determine z(-43).
-325
Let t(p) = -7*p**2 - 579*p + 1356. What is t(-85)?
-4
Let n(l) = -4313*l + 42718. Give n(10).
-412
Let q(x) = -29*x**2 + 1994*x - 9325. What is q(5)?
-80
Let l(m) = 6188*m + 810574. What is l(-131)?
-54
Let q(s) = -2*s**2 - 963*s + 14. Give q(0).
14
Let j(f) = -500*f - 4403. Give j(-8).
-403
Let t(b) = -b**3 - 83*b**2 - 1171*b - 130. Calculate t(-16).
1454
Let f(r) = r**3 + 6*r**2 - 24*r + 113. Give f(0).
113
Let j(d) = 528*d - 105095. Calculate j(199).
-23
Let j(d) = -d**3 + 37*d**2 - 193*d - 1633. What is j(28)?
19
Let j(u) = 27530*u - 359152. What is j(13)?
-1262
Let t(s) = -2*s**3 - 17*s**2 - 1746*s - 8575. Calculate t(-5).
-20
Let t(h) = h**2 - 771*h + 116999. Determine t(208).
-105
Let z(r) = -3*r**2 - 508*r - 18105. Calculate z(-51).
0
Let j(s) = 12677*s - 2890375. What is j(228)?
-19
Let m(s) = -s**2 - 73*s - 974. Give m(-59).
-148
Let o(s) = 831*s + 308942. Give o(-373).
-1021
Let o(y) = -y**3 - 76*y**2 + 4567*y - 8478. Determine o(-116).
-10
Let c(u) = 73*u**2 - 1260*u - 5014. Calculate c(-4).
1194
Let a(u) = -1985*u + 3992. Determine a(2).
22
Let n(r) = -2*r**3 + 23*r**2 + 418*r - 4937. Determine n(12).
-65
Let v(f) = 10*f**3 - 193*f**2 - 298*f + 3144. Give v(20).
-16
Let g(p) = -1184*p - 149188. What is g(-126)?
-4
Let d(s) = -291*s - 2754. What is d(7)?
-4791
Let a(i) = 6678*i - 2924959. Give a(438).
5
Let w(f) = -2*f**2 - 5304*f + 47896. Give w(9).
-2
Let f(d) = -1603*d - 12452. Give f(-8).
372
Let o(p) = 474*p + 18809. Give o(-39).
323
Let a(c) = -8*c**2 + 401*c - 1894. Give a(45).
-49
Let i(z) = -29451*z - 235694. What is i(-8)?
-86
Let m(t) = -4670*t + 18683. Give m(4).
3
Let p(h) = 82854*h - 248558. Give p(3).
4
Let j(z) = z**3 - 15*z**2 - 8*z + 153. Give j(15).
33
Let k(v) = 101138*v + 28217491. What is k(-279)?
-11
Let s(j) = -815*j - 23578. Calculate s(-29).
57
Let u(o) = o**3 + 21*o**2 + 125*o + 289. Calculate u(-8).
121
Let b(r) = -36*r**3 + 11*r**2 - 35*r + 120. Determine b(3).
-858
Let w(l) = -6*l**3 - 39*l**2 - 46*l - 127. Determine w(-9).
1502
Let d(i) = -733*i - 46130. Calculate d(-63).
49
Let j(i) = -i**2 + 231*i - 13075. Calculate j(115).
265
Let f(i) = -22214*i - 866567. Determine f(-39).
-221
Let d(k) = k**3 - 26*k**2 - 17*k - 278. Give d(27).
-8
Let s(z) = -233*z - 16244. Give s(-69).
-167
Let z(w) = 46177*w - 113687777. Give z(2462).
-3
Let s(n) = -13*n**2 - 317*n - 306. Determine s(-24).
-186
Let c(h) = -h**2 + 131*h - 3796. Calculate c(56).
404
Let a(v) = v**2 + 4754*v - 781162. Give a(159).
5
Let p(h) = -2*h**3 - 44*h**2 + 2574*h + 440. Give p(27).
-1504
Let m(q) = -5421*q - 3710. Calculate m(-1).
1711
Let d(b) = 3*b**2 - 69*b - 845. Give d(-16).
1027
Let r(u) = -86989*u + 1391828. Determine r(16).
4
Let y(s) = 8*s**2 + 77*s - 3301. Calculate y(16).
-21
Let c(t) = -444*t + 5299. Give c(12).
-29
Let o(r) = 29316*r + 11169366. Give o(-381).
-30
Let t(b) = b**3 - 11*b**2 + 25451*b - 331203. Determine t(13).
-2
Let d(l) = -15*l**2 + 346*l + 806. What is d(25)?
81
Let b(v) = -126*v**2 + 183107*v - 42111. Calculate b(1453).
26
Let l(h) = -1770*h + 226600. Calculate l(128).
40
Let p(h) = h**2 + 13715*h - 8454829. Determine p(591).
17
Let m(q) = 698*q - 18802. What is m(27)?
44
Let x(h) = 7158*h - 50911. What is x(7)?
-805
Let f(y) = -4*y**2 - 1211*y + 7320. Determine f(6).
-90
Let u(i) = 6*i**3 + 818*i**2 + 1082*i + 280. Determine u(-135).
10
Let x(f) = 157*f**2 + 293*f - 130. What is x(-4)?
1210
Let z(p) = -7*p**3 - 847*p**2 + 43*p + 5213. Determine z(-121).
10
Let a(c) = -4*c**2 + 1616*c - 92613. Calculate a(69).
-153
Let i(s) = 2*s**3 - 159*s**2 + 265*s - 1057. Give i(78).
1361
Let z(c) = -c**3 - 119*c**2 + 170*c + 5205. Give z(-120).
-795
Let n(u) = 179*u + 37758. Determine n(-211).
-11
Let l(g) = 2*g**2 - 132*g + 2810. Determine l(23).
832
Let j(s) = -s**2 - 456*s - 421. Calculate j(-455).
34
Let q(t) = t**3 + 24*t**2 - 539*t - 271. Give q(-38).
-5
Let r(y) = -275634*y + 2756346. Calculate r(10).
6
Let o(t) = -83*t - 3125. Calculate o(-46).
693
Let r(u) = 2*u**3 + 42*u**2 + 212*u + 22. Calculate r(-14).
-202
Let u(b) = -5391*b + 711580. Calculate u(132).
-32
Let m(o) = -157*o**3 + 194*o**2 + 2*o + 6. Determine m(-1).
355
Let h(q) = -2*q**2 + 14822*q - 1114902. Give h(76).
18
Let z(c) = c**3 - 13*c**2 - 454*c + 6172. Determine z(14).
12
Let s(c) = -2*c**2 + 464*c - 2265. Determine s(5).
5
Let c(o) = 4*o**3 - 3*o**2 - 16*o - 32. Calculate c(-6).
-908
Let n(s) = -2*s**3 - 127*s**2 - 263*s - 4770. Give n(-62).
4
Let x(s) = 109*s + 28900. Give x(-265).
15
Let b(l) = 2*l**3 - 41*l**2 + 7*l - 594. What is b(21)?
-6
Let g(z) = -30*z**2 - 3025*z + 686. What is g(-101)?
181
Let u(s) = -1310*s - 331445. What is u(-253)?
-15
Let g(z) = -13*z**2 - 222*z - 87. Determine g(-15).
318
Let i(s) = 10*s**3 + 19*s**2 + 98*s - 117. What is i(1)?
10
Let v(g) = -221*g - 6515. What is v(-14)?
-3421
Let x(p) = -204*p + 87. What is x(-1)?
291
Let h(s) = 3*s**3 + 155*s**2 - 345*s + 1709. What is h(-54)?
-73
Let s(d) = d**3 + 63*d**2 + 121*d - 322. Calculate s(-61).
-261
Let b(z) = z**3 - 222*z**2 + 8490*z - 634. Give b(49).
3
Let l(r) = 839*r - 66275. Give l(79).
6
Let k(s) = s**2 - 253*s + 4845. Give k(22).
-237
Let s(f) = -298384*f + 298385. What is s(1)?
1
Let b(q) = 3*q**3 - 2325*q**2 + 4635*q + 2237. What is b(773)?
-82
Let w(q) = -2406*q - 108. Determine w(1).
-2514
Let f(p) = 646*p + 49067. What is f(-76)?
-29
Let p(b) = -28*b**2 - 357*b + 952. What is p(-15)?
7
Let x(h) = 45*h**2 + 1398*h + 56. Calculate x(-31).
-37
Let o(g) = 2127*g + 376498. Give o(-177).
19
Let f(q) = -643*q**2 - 19392*q + 26. Determine f(-30).
3086
Let m(x) = 2*x**3 + 109*x**2 + 422*x - 9701. Determine m(-48).
-5
Let s(c) = 275*c + 31337. What is s(-114)?
-13
Let w(z) = 1253*z - 848280. What is w(677)?
1
Let y(t) = 6*t**2 - 425*t - 7815. Determine y(86).
11
Let i(u) = 18*u**3 + 140*u**2 + 48*u + 333. What is i(-10)?
-4147
Let j(i) = -50287*i - 251481. What is j(-5)?
-46
Let a(m) = m**2 + 296*m + 13662. Determine a(-239).
39
Let r(c) = 8682*c - 94989. Determine r(11).
513
Let x(g) = g**3 + 21*g**2 - 230*g - 1356. Give x(11).
-14
Let h(o) = -9*o**2 + o + 45. Determine h(-8).
-539
Let a(g) = -83497*g - 166991. Calculate a(-2).
3
Let f(z) = 270*z - 1531. What is f(4)?
-451
Let u(k) = k**3 - 62*k**2 - 14917*k + 356. What is u(157)?
42
Let b(n) = 4*n**2 + 32*n - 10336. What is b(47)?
4
Let y(s) = 22*s**2 + 101*s + 991. Calculate y(-8).
1591
Let f(m) = -4947*m - 138338. Give f(-28).
178
Let t(u) = -3*u**3 + 94*u**2 + 4204*u - 131265. Determine t(31).
20
Let x(c) = -c**2 - 76*c + 5238. What is x(-124)?
-714
Let q(h) = h**2 + 173*h + 5210. What is q(-134)?
-16
Let h(d) = 16899*d**2 - 1858894*d + 443. Calculate h(110).
3
Let g(p) = 16*p**2 - 40*p - 346. Determine g(-5).
254
Let y(p) = 7930*p - 507597. What is y(64)?
-77
Let p(u) = -42*u**2 - 550*u + 550. Determine p(1).
-42
Let v(r) = -5*r**2 - 302*r - 1762. Calculate v(-7).
107
Let i(z) = z**3 - 33*z**2 + 14*z + 1453. What is i(31)?
-35
Let c(v) = -115830*v + 10540577. Give c(91).
47
Let i(a) = 22831*a + 456614. Give i(-20).
-6
Let s(w) = 22802*w + 615654. Determine s(-27).
0
Let o(c) = c**3 + 4*c**2 - 36*c - 52. What is o(6)?
92
Let q(r) = -7*r + 2676. Give q(55).
2291
Let i(a) = -a**2 + 190*a - 8772. Give i(115).
-147
Let r(l) = -187*l**2 - 3728*l - 17767. What is r(-12)?
41
Let p(a) = 11*a**2 + 61*a + 11. Determine p(-4).
-57
Let h(r) = -2*r**3 - 129*r**2 + 33